.
8
Let p(w) = w**2 - 9*w - 36. Calculate p(13).
16
Let v(p) = -p**2 + 9*p - 3. Determine v(8).
5
Let s(z) = 2*z**3 - 30*z**2 - 6*z + 46. Determine s(15).
-44
Let p(t) = 6*t + 74. What is p(-10)?
14
Let f(i) = -30*i**2 - 3*i - 1. What is f(-1)?
-28
Let c(p) = -p**3 - 7*p**2 - 8*p - 120. Give c(-8).
8
Let j(k) = -3*k + 7. Determine j(2).
1
Let g(t) = -17*t + 88. Determine g(4).
20
Let w(a) = -a**2 + 12*a + 12. Give w(10).
32
Let a(t) = -t**3 + 5*t**2 - 3*t - 4. Give a(3).
5
Let i(j) = -j**3 - 7*j**2 + 5*j - 3. Give i(-7).
-38
Let l(n) = -2*n**2 + 19*n + 14. Calculate l(10).
4
Let h(o) = -14*o**3 + 6*o**2 + 17*o - 2. What is h(-2)?
100
Let w(o) = -2*o**2 - o - 3. Calculate w(-3).
-18
Let n(h) = -2*h**2 - 8*h + 5. What is n(3)?
-37
Let r(g) = 5*g**2 - 3*g + 1. What is r(-2)?
27
Let w(q) = -q**2 + 8*q + 85. What is w(-5)?
20
Let d(m) = -m**2 + 6*m + 10. Give d(8).
-6
Let y(t) = -t**2 + 8*t - 32. What is y(5)?
-17
Let z(a) = a - 17. Calculate z(-6).
-23
Let z(f) = 2*f + 16. What is z(-12)?
-8
Let c(l) = -l**3 + 6*l**2 - 11*l + 17. Determine c(8).
-199
Let a(s) = -2*s + 15. Calculate a(0).
15
Let f(b) = b**3 - 5*b - 6. Calculate f(-3).
-18
Let g(o) = o + 11. Give g(-3).
8
Let w(r) = 8*r**2 - 1. Determine w(-1).
7
Let b(o) = 3*o**2 + 5*o + 36. Give b(-6).
114
Let q(s) = 3*s**3 + s**2 + s + 4. Determine q(-2).
-18
Let a(s) = -s**2 - 9*s - 25. What is a(-6)?
-7
Let z(o) = -o**3 + 17*o**2 + 17*o + 22. Give z(18).
4
Let j(b) = b - 4. What is j(4)?
0
Let t(g) = 2*g**3 + 112*g**2 + g + 61. What is t(-56)?
5
Let a(r) = -r**3 - 7*r**2 - 3*r - 7. Give a(-6).
-25
Let j(k) = -7*k + 57. Determine j(13).
-34
Let l(u) = -2*u**3 + 3*u**2 + 6*u - 3. Determine l(-3).
60
Let z(t) = t**3 + 9*t**2 + 8*t. What is z(-8)?
0
Let y(a) = a - 1. What is y(12)?
11
Let v(s) = -s**3 - s**2 + 6*s + 4. Calculate v(-4).
28
Let g(z) = -z**2 + 3*z - 3. Determine g(3).
-3
Let a(o) = 2*o**2 + o - 7. What is a(-3)?
8
Let l(z) = -z + 17. Determine l(13).
4
Let s(i) = -10*i + 20. Give s(-2).
40
Let q(m) = 5*m**3 - m**2 + m - 1. Give q(-2).
-47
Let s(x) = -12*x - 39. Calculate s(-3).
-3
Let p(u) = -16*u + 24. Calculate p(-7).
136
Let d(j) = -j**3 + 11*j**2 - 8*j - 17. Give d(10).
3
Let h(g) = -g**3 + 10*g**2 - 7*g - 12. Calculate h(9).
6
Let x(a) = -a + 8. Determine x(9).
-1
Let q(y) = -y**3 - 5*y**2 + y + 6. Calculate q(-5).
1
Let l(q) = 14*q - 45. Calculate l(4).
11
Let c(z) = z**2 - 12*z - 8. What is c(13)?
5
Let t(b) = -83*b - 1. Determine t(1).
-84
Let w(p) = -p**3 - 11*p**2 - p - 1. What is w(-11)?
10
Let w(o) = 3*o**2 + 30*o + 29. Calculate w(-9).
2
Let z(x) = 47*x - 285. Calculate z(6).
-3
Let u(n) = n**3 - 17*n**2 - 17*n - 12. Determine u(18).
6
Let n(z) = 6*z**2 - 22*z + 5. Determine n(4).
13
Let r(l) = -l**3 - 24*l**2 + 25*l - 7. What is r(-25)?
-7
Let x(m) = m**3 - 4*m**2 - 4*m + 8. Determine x(5).
13
Let r(l) = -l**2 + 2. What is r(-9)?
-79
Let w(t) = t**3 + 4*t**2 + t + 3. Calculate w(-5).
-27
Let g(l) = l - 22. Calculate g(10).
-12
Let v(n) = -20*n + 6. Give v(3).
-54
Let r(b) = 3*b**2 - 3*b + 9. What is r(2)?
15
Let h(n) = -3*n + 18. Give h(17).
-33
Let q(v) = 11*v**3 + v. Calculate q(1).
12
Let i(k) = -k**3 + 6*k**2 + 12*k - 4. Determine i(8).
-36
Let k(a) = -5*a - 7. Give k(-8).
33
Let f(o) = 3*o**2 + 11*o + 5. Calculate f(4).
97
Let c(n) = n**3 - 6*n**2 + 5*n + 7. What is c(6)?
37
Let b(d) = -d**2 - 16*d - 13. Calculate b(-8).
51
Let n(o) = -o**3 - 3*o**2 + 7*o + 5. Calculate n(-4).
-7
Let o(w) = w**3 - 19*w**2 + 21*w - 47. What is o(18)?
7
Let x(z) = 6*z**2 + z - 1. Calculate x(1).
6
Let r(s) = 7*s**2 - 35*s + 34. Calculate r(1).
6
Let r(t) = -t**3 + 3*t**2 - t - 2. Calculate r(3).
-5
Let n(m) = -m**3 + 9*m**2 + 69*m + 18. Calculate n(14).
4
Let w(z) = -z**3 - 41*z**2 - 39*z + 45. What is w(-40)?
5
Let f(p) = p**2 - 4*p - 19. Calculate f(8).
13
Let r(o) = 6*o**2 + 63*o - 39. Determine r(-11).
-6
Let p(y) = 4*y - 9. What is p(7)?
19
Let d(s) = 2*s**3 + 30*s**2 + s + 17. Give d(-15).
2
Let c(u) = -u**3 - 14*u**2 + 10*u + 18. Calculate c(-15).
93
Let y(q) = q**3 + 7*q**2 + q - 8. Determine y(-6).
22
Let x(m) = -m**3 + 11*m**2 - 10. Calculate x(11).
-10
Let s(h) = -17*h**2 - 3. Determine s(-3).
-156
Let g(b) = 2*b**2 - 7*b + 8. What is g(3)?
5
Let w(k) = k**2 + 33. Give w(0).
33
Let v(c) = c**2 - 2*c - 9. Give v(4).
-1
Let z(t) = 3*t**3 - 55*t**2 - 35*t - 6. Give z(19).
51
Let j(l) = -2*l + 5. Give j(-8).
21
Let m(n) = -n**3 - 13*n**2 + 12*n - 13. Give m(-14).
15
Let g(q) = -2*q**2 - 40*q - 47. Give g(-16).
81
Let n(v) = -v**3 - v**2 - v - 2. What is n(-2)?
4
Let a(s) = 2*s - 45. Give a(21).
-3
Let h(j) = j**3 - 8*j**2 + 5*j + 3. What is h(7)?
-11
Let z(j) = -8*j**2. Determine z(-2).
-32
Let r(x) = 2*x**2 - 6*x + 6. Determine r(1).
2
Let n(h) = h**3 - 12*h**2 + 8*h + 36. Determine n(11).
3
Let n(k) = -22*k**2 - 4*k - 4. Determine n(-1).
-22
Let h(m) = m**3 - 4*m**2 - 11*m - 7. Calculate h(6).
-1
Let a(w) = -w**2 + 4*w - 7. Give a(5).
-12
Let t(q) = -q + 31. What is t(22)?
9
Let s(i) = i**3 - 10*i**2 - i + 14. Calculate s(10).
4
Let f(z) = -z**2 + z + 46. Calculate f(0).
46
Let w(m) = -m**3 - 6*m**2 - m - 3. What is w(-4)?
-31
Let h(a) = -4*a + 2. Determine h(-6).
26
Let n(y) = -y - 11. Give n(-7).
-4
Let r(x) = -5*x**2 + 8*x - 6. Give r(2).
-10
Let m(o) = 3*o**3 - 2*o**2 + 2. Calculate m(2).
18
Let l(w) = -w**3 - 3*w**2 + 7*w + 14. Calculate l(-4).
2
Let s(q) = q**2 + 15*q - 6. Give s(-16).
10
Let k(w) = w**2 - 4*w + 6. Determine k(8).
38
Let t(v) = v - 16. What is t(16)?
0
Let q(v) = 8*v - 6. Determine q(-3).
-30
Let u(h) = 3*h**2 + 24*h - 5. Determine u(-8).
-5
Let f(z) = -2*z**3 - 36*z**2 - z - 22. Determine f(-18).
-4
Let m(a) = -7*a**2 - 4*a - 8. Calculate m(-2).
-28
Let m(y) = y**3 + 4*y**2 - 16*y. Determine m(-5).
55
Let i(f) = f**2 - 6*f + 5. Calculate i(6).
5
Let j(f) = -63*f**3 - f**2 + 1. Calculate j(-1).
63
Let s(y) = -13*y - 34. Calculate s(-5).
31
Let l(h) = -h**3 - 14*h**2 + 19*h + 1. Determine l(-15).
-59
Let n(j) = 2*j + 10. Give n(-7).
-4
Let q(u) = u**3 + 21*u**2 + u + 28. Determine q(-21).
7
Let m(n) = -n**3 - 4*n + 3. Calculate m(3).
-36
Let p(i) = -i - 11. What is p(-5)?
-6
Let g(x) = x**3 - 8*x**2 + 13*x - 5. What is g(6)?
1
Let x(f) = -f**2 - 17*f - 9. Give x(-17).
-9
Let g(d) = 2*d**3 - 6*d**2 + 12*d + 2. Determine g(2).
18
Let k(i) = 5*i - 1. Determine k(-1).
-6
Let l(n) = -n**2 - 25*n + 37. Calculate l(-25).
37
Let g(w) = -w + 2. Calculate g(0).
2
Let l(y) = y**3 + 5*y**2 - 6*y + 20. What is l(-6)?
20
Let d(y) = -10*y**2 - 24*y + 25. Determine d(1).
-9
Let k(j) = -3*j - 61. Determine k(-19).
-4
Let o(m) = 5*m**3 + 43*m**2 + 24*m + 10. Determine o(-8).
10
Let z(m) = 2*m**2 + 11*m + 27. What is z(-2)?
13
Let d(l) = -l**3 + 12*l**2 - 12*l + 21. What is d(12)?
-123
Let s(j) = 24*j + 221. Calculate s(-9).
5
Let i(w) = -3*w + 5. What is i(1)?
2
Let p(x) = 20*x**3 + x. Give p(-1).
-21
Let t(l) = -6*l - 25. Give t(-4).
-1
Let o(u) = u**3 - 11*u**2 + 18*u + 7. Give o(9).
7
Let h(p) = -p**3 - 4*p**2 - 4*p - 3. What is h(-4)?
13
Let a(b) = -b**3 - 6*b**2 + 11*b + 17. Determine a(-7).
-11
Let v(h) = -h**3 + 4*h**2 + 3*h + 19. What is v(5)?
9
Let v(t) = t**2 - 4*t + 3. Give v(6).
15
Let h(s) = s**3 - 14*s**2 + 2*s - 6. Give h(14).
22
Let u(x) = x**3 + 2*x**2 - 4*x + 4. Calculate u(-4).
-12
Let l(m) = -2*m + 12. Calculate l(6).
0
Let i(g) = -g**3 + 6*g**2 - 6*g + 4. Give i(6).
-32
Let b(s) = -s - 17. Determine b(-7).
-10
Let r(f) = f**2 - 13*f + 35. Calculate r(8).
-5
Let q(n) = n**3 - 12*n**2 - 2*n + 19. Determine q(12).
-5
Let n(y) = -y**3 + 10*y**2 + 12*y - 12. Give n(11).
-1
Let g(q) = q**3 + 11*q**2 + 17*q - 7. Determine g(-9).
2
Let u(q) = -44*q**2 + 4*q - 2. Calculate u(1).
-42
Let g(s) = -3*s. Determine g(6).
-18
Let z(m) = 12*m - 724. Calculate z(60).
-4
Let d(j) = -2*j**2 + 9*j + 7. Give d(7).
-28
Let x(c) = 7*c**2 + 3*c + 2. Give x(-1).
6
Let x(c) = -2*c**3 - 10*c**2 + 12. What is x(-5)?
12
Let s(q) = 4*q**3 - q. Give s(-1).
-3
Let i(a) = 2*a**2 - 7*a - 18. What is i(-3)?
21
Let t(x) = -x - 18. What is t(0)?
-18
Let f(h) = -h + 2. What is f(-3)?
5
Let c(s) = s**2 - 4. Give c(-4).
12
Let l(w) = w**3 - 2*w**2 - 22*w - 8. Give l(6).
4
Let v(p) = -p**3 - 4*p**2 + 3*p + 5. Determine v(-3).
-13
Let y(r) = -3*r - 4. Give y(4).
-16
Let g(i) = -i + 10. Wh